is -302247306 - -11?
-302247275
In base 13, what is 4 + 207703?
207707
In base 8, what is 5 + 41336003?
41336010
In base 6, what is -1053311 + 35?
-1053232
In base 9, what is 348053 + 2787?
351851
In base 4, what is 31311332101 + -3?
31311332032
In base 4, what is -2 + -211210202011?
-211210202013
In base 5, what is -3 + 301213344?
301213341
In base 5, what is -2212413102 + 4?
-2212413043
In base 7, what is 261520 - -2611?
264431
In base 11, what is 12 + -16a254?
-16a242
In base 6, what is 2 - 1243434350?
-1243434344
In base 9, what is 463 + 162873?
163446
In base 6, what is 2 + 53342013?
53342015
In base 11, what is 152 + 3738?
388a
In base 10, what is -3827 - -1689?
-2138
In base 3, what is 12002202 + -1200122101?
-1111112122
In base 11, what is -1870 - 78718?
-7a488
In base 8, what is 5 - -10702343?
10702350
In base 5, what is -1 - 3031420344?
-3031420400
In base 10, what is 21257512 + 0?
21257512
In base 11, what is 10a183520 + 1?
10a183521
In base 3, what is 1011011011002 - 100?
1011011010202
In base 14, what is -5 - 982869?
-982870
In base 14, what is -2cd8 - 2381?
-5279
In base 3, what is -2111102021 + 2012?
-2111100002
In base 3, what is 11202020211 + -11122002?
11120121202
In base 16, what is 11b5c + -93?
11ac9
In base 12, what is 427b11 + 6?
427b17
In base 7, what is 21460110 - -3?
21460113
In base 16, what is -a6 + -3f7192?
-3f7238
In base 12, what is 10 + 162b90?
162ba0
In base 14, what is -3412d78 + 2d?
-3412d49
In base 11, what is a02529 - 126?
a02403
In base 13, what is -11 + -104b70?
-104b81
In base 10, what is -349661 + -22?
-349683
In base 3, what is -10101110112212210 + 10?
-10101110112212200
In base 3, what is -110220022120 + -122?
-110220100012
In base 3, what is 100212222202021 + 2?
100212222202100
In base 3, what is -122122202202010 - 1001?
-122122202210011
In base 3, what is 2001221220012 - 110202?
2001221102110
In base 6, what is -131 + 23054552?
23054421
In base 6, what is -21021 + 3103305?
3042244
In base 8, what is 1632 - -62540?
64372
In base 12, what is -1 + -33a941b?
-33a9420
In base 15, what is -8a - -21ee9?
21e5e
In base 10, what is 5011 - -5392?
10403
In base 3, what is -1102221021 - -22101221?
-1010112100
In base 14, what is 448 - 6525?
-60bb
In base 7, what is 10510 - -146566?
160406
In base 2, what is 100 + -1000011000101100101010110?
-1000011000101100101010010
In base 14, what is -38d4166 + -2?
-38d4168
In base 12, what is -20 - 240b1b?
-240b3b
In base 11, what is -4 + -27a58544?
-27a58548
In base 6, what is -15 + 503125505?
503125450
In base 10, what is -45705 + -60?
-45765
In base 7, what is 26361302 + -1?
26361301
In base 16, what is -2e + 5565?
5537
In base 9, what is 2080 + 5146?
7236
In base 7, what is -12605625 - -25?
-12605600
In base 10, what is 430820 - -5?
430825
In base 14, what is -59665a + -2?
-59665c
In base 13, what is -19 - 1097b?
-10997
In base 14, what is 0 + 26dc41d?
26dc41d
In base 10, what is 1560 - 440104?
-438544
In base 8, what is 262 - -3026310?
3026572
In base 14, what is 39457 + -124?
39333
In base 6, what is 14 - -2531113?
2531131
In base 14, what is 2b - -ba5530?
ba555b
In base 3, what is 12 - 212210110121010?
-212210110120221
In base 13, what is 3 + 146c430?
146c433
In base 7, what is -1124 + 45001?
43544
In base 15, what is -5 + 123e9a2?
123e99c
In base 8, what is -5457122 + -26?
-5457150
In base 2, what is -1100110000001 - -1000110110101101?
111010000101100
In base 9, what is -1374175 - 20?
-1374205
In base 6, what is 44114402 - -5?
44114411
In base 14, what is 14da9 - a8?
14d01
In base 14, what is -59855 - -6?
-5984d
In base 9, what is 410 - 31016?
-30506
In base 13, what is -2 + 10a38a6?
10a38a4
In base 14, what is -d9 + -2796?
-2891
In base 3, what is -110202101 - -12100?
-110120001
In base 10, what is 14525 + 597?
15122
In base 16, what is 3 + -60939d?
-60939a
In base 10, what is -4082 + 1935?
-2147
In base 6, what is 20004 - 155042?
-135034
In base 4, what is -100021121 - 23033?
-100110220
In base 16, what is -24 - -3c378?
3c354
In base 7, what is 125451 - -2066?
130550
In base 8, what is -53620 - 1461?
-55301
In base 7, what is 40322645 + -12?
40322633
In base 7, what is -561 + -16556630?
-16560521
In base 4, what is 113 + -30010111121?
-30010111002
In base 15, what is 95c + 481?
ddd
In base 15, what is 841 + -12314?
-119c3
In base 15, what is 355 + 658b?
68e1
In base 10, what is 36 + 758613?
758649
In base 10, what is 41 - 149268?
-149227
In base 8, what is -223 + -107650?
-110073
In base 4, what is 20133 - -3132022?
3212221
In base 13, what is 30 - -53835?
53865
In base 11, what is 2 + -46537a56?
-46537a54
In base 16, what is -308335a + -1?
-308335b
In base 12, what is -3b + 2aa91?
2aa52
In base 9, what is 20841217 + -2?
20841215
In base 13, what is 1 - -389c1c?
389c20
In base 10, what is 121743 + -42?
121701
In base 16, what is -19384a - -17?
-193833
In base 12, what is -573a801 + -2?
-573a803
In base 2, what is 10 - -10110011111101100000001010?
10110011111101100000001100
In base 13, what is 12a739 + 8?
12a744
In base 12, what is -144 + 18860?
18718
In base 5, what is -203242330 - -420?
-203241410
In base 8, what is 5 - -12056322?
12056327
In base 13, what is 357361 - -2cc?
357660
In base 15, what is -a6a879 - 4?
-a6a87d
In base 13, what is 18bb45 - 20?
18bb25
In base 16, what is -11 + -13c73c?
-13c74d
In base 12, what is 6 + -3b44a302?
-3b44a2b8
In base 7, what is -65232516 + -3?
-65232522
In base 4, what is 3 - -21030311321?
21030311330
In base 7, what is 603021 - 12206?
560512
In base 3, what is 10012111220011210 + -101?
10012111220011102
In base 11, what is 76919 + -260?
76669
In base 10, what is 219 - -518399?
518618
In base 10, what is -1 - -254682636?
254682635
In base 13, what is -8195307 + 4?
-8195303
In base 8, what is 7463035 + 3?
7463040
In base 11, what is 12 - -3010a35?
3010a47
In base 7, what is -34 - 4040125?
-4040162
In base 11, what is -296 + -11130a?
-1115a5
In base 6, what is -3 + 1255533210?
1255533203
In base 11, what is -350a16 + 1a4?
-350822
In base 7, what is -2 - -2163633101?
2163633066
In base 13, what is 2b1 - -18b5?
1b96
In base 12, what is -10 - -191a450?
191a440
In base 9, what is -2217 - -5261?
3043
In base 5, what is 23 - -41321012443?
41321013021
In base 8, what is -3147300 - -14?
-3147264
In base 9, what is -3 + -7162674?
-7162677
In base 7, what is -1103564 + 204?
-1103360
In base 15, what is 660e669 - 1?
660e668
In base 2, what is -1111100000101 + -1110111001011110?
-10000110101100011
In base 6, what is -15301 - -40424?
21123
In base 8, what is -54 + 1215414?
1215340
In base 11, what is 52809 - 331?
52488
In base 2, what is -111111101101110011 + -1100011101101?
-1000001010001100000
In base 3, what is 11 + -211212221000212?
-211212221000201
In base 12, what is -5 + -138b11a?
-138b123
In base 11, what is -44672 - 14?
-44686
In base 11, what is -34 + -a4504?
-a4538
In base 3, what is -2221 - -101110100211?
101110020220
In base 2, what is 1001110101011001110 + -101?
1001110101011001001
In base 5, what is -100240 + -23023?
-123313
In base 4, what is 10112310321 + 1023?
10112312010
In base 16, what is -416f8 - -37?
-416c1
In base 16, what is -e71f456 + 5?
-e71f451
In base 16, what is 4a - -827d?
82c7
In base 9, what is -245 - 20383?
-20638
In base 3, what is 11010 + 12020101001221?
12020101020001
In base 3, what is 20121 + 2002021020201?
2002021111022
In base 14, what is -5 - 93960c6?
-93960cb
In base 2, what is 1111001 + -1001011010010001010?
-1001011010000010001
In base 13, what is -1a - 61525?
-61542
In base 8, what is 156 - 16700577?
-16700421
In base 8, what is 0 - 475014300?
-475014300
In base 16, what is -14cf43 + 27?
-14cf1c
In base 13, what is 894b49 + -6?
894b43
In base 14, what is -1 + -301d203?
-301d204
In base 6, what is -4 - -11403014?
11403010
In base 4, what is 313111210 + 30210?
313202020
In base 7, what is -21220555 + -114?
-21221002
In base 13, what is 45a9 - 6558?
-1c7c
In base 8, what is -266240 + 227?
-266011
In base 5, what is 2 - -2124322411?
2124322413
In base 10, what is 91712 + -376?
91336
In base 13, what is -800 - -34684?
33b84
In base 2, what is 10010111111011001101 - 10001?
10010111111010111100
In base 8, what is -23435204 - 2?
-23435206
In base 6, what is -20552 - -133031?
112035
In base 16, what i